{"id":3252,"date":"2024-07-22T14:16:33","date_gmt":"2024-07-22T19:16:33","guid":{"rendered":"https:\/\/novabarro.net\/home\/?post_type=product&#038;p=3252"},"modified":"2024-07-22T14:20:20","modified_gmt":"2024-07-22T19:20:20","slug":"laurent","status":"publish","type":"product","link":"https:\/\/novabarro.net\/home\/producto\/laurent\/","title":{"rendered":"Laurent"},"content":{"rendered":"<p>Placa de piedra sinterizada ultra compacta de 320x144x1.2 perfecto para cocinas, ba\u00f1os, pisos. Tonalidades blancas y negras con decorado de l\u00edneas irregulares caf\u00e9 claro.<\/p>\n<p>Disponible en acabado Mate Liso.<\/p>\n<p>Ficha T\u00e9cnica: <a href=\"https:\/\/novabarro.net\/home\/wp-content\/uploads\/2024\/06\/Dekton-Cosentino.pdf\">Dekton Cosentino<\/a><\/p>\n","protected":false},"excerpt":{"rendered":"<p>Placa de piedra sinterizada ultra compacta de 320x144x1.2 perfecto para cocinas, ba\u00f1os, pisos. Tonalidades blancas y negras con decorado de l\u00edneas irregulares caf\u00e9 claro.<\/p>\n<p>Disponible en acabado Mate Liso.<\/p>\n<p>Ficha T\u00e9cnica: <a href=\"https:\/\/novabarro.net\/home\/wp-content\/uploads\/2024\/06\/Dekton-Cosentino.pdf\">Dekton Cosentino<\/a><\/p>\n","protected":false},"featured_media":3253,"template":"","meta":{"_et_pb_use_builder":"","_et_pb_old_content":"","_et_gb_content_width":""},"product_cat":[50,38],"product_tag":[],"class_list":["post-3252","product","type-product","status-publish","has-post-thumbnail","hentry","product_cat-piedra-sinterizada","product_cat-otros"],"_links":{"self":[{"href":"https:\/\/novabarro.net\/home\/wp-json\/wp\/v2\/product\/3252","targetHints":{"allow":["GET"]}}],"collection":[{"href":"https:\/\/novabarro.net\/home\/wp-json\/wp\/v2\/product"}],"about":[{"href":"https:\/\/novabarro.net\/home\/wp-json\/wp\/v2\/types\/product"}],"wp:featuredmedia":[{"embeddable":true,"href":"https:\/\/novabarro.net\/home\/wp-json\/wp\/v2\/media\/3253"}],"wp:attachment":[{"href":"https:\/\/novabarro.net\/home\/wp-json\/wp\/v2\/media?parent=3252"}],"wp:term":[{"taxonomy":"product_cat","embeddable":true,"href":"https:\/\/novabarro.net\/home\/wp-json\/wp\/v2\/product_cat?post=3252"},{"taxonomy":"product_tag","embeddable":true,"href":"https:\/\/novabarro.net\/home\/wp-json\/wp\/v2\/product_tag?post=3252"}],"curies":[{"name":"wp","href":"https:\/\/api.w.org\/{rel}","templated":true}]}}